{"id":451,"date":"2017-12-18T19:08:51","date_gmt":"2017-12-18T18:08:51","guid":{"rendered":"http:\/\/jacekkowalski.pl\/?page_id=451"},"modified":"2022-06-10T17:53:08","modified_gmt":"2022-06-10T16:53:08","slug":"trzy-najwazniejsze-piosenki","status":"publish","type":"page","link":"https:\/\/jacekkowalski.pl\/?page_id=451","title":{"rendered":"TRZY NAJWA\u017bNIEJSZE PIOSENKI"},"content":{"rendered":"<p>\u25cf<br \/>PSALM RODOWODOWY <a href=\"https:\/\/www.youtube.com\/watch?v=le5R6E1nffM\">mp3<\/a><\/p>\n<div>Ku powie\u015bci tej nak\u0142o\u0144 ucha,\u00a0\u00a0\u00a0\u00a0 F C d d A d C<br \/>Ludu wierny m\u00f3j, a pos\u0142uchaj \u00a0\u00a0 F C d d A d C<br \/>I miej wiecznie przed oczami,\u00a0\u00a0\u00a0 F C d A<br \/>Kim\u017ce\u015b mi\u0119dzy narodami:\u00a0\u00a0\u00a0\u00a0\u00a0\u00a0 \u00a0 \u00a0 A d C F<\/div>\n<div style=\"padding-left: 60px;\">Patrz tam, gdzie Sarmacja jest \u017cyzna,\u00a0 \u00a0 F B B F g d<br \/>Tam to by\u0142a Twoja ojczyzna,\u00a0\u00a0\u00a0\u00a0\u00a0\u00a0\u00a0\u00a0\u00a0\u00a0\u00a0\u00a0\u00a0\u00a0\u00a0 \u00a0 \u00a0 \u00a0 \u00a0 d g g F A d<br \/>Gdzie przodkowie Twoi \u015bmiali\u00a0\u00a0\u00a0\u00a0\u00a0\u00a0\u00a0\u00a0 \u00a0 \u00a0 \u00a0\u00a0 \u00a0 \u00a0 g F A d<br \/>Z Rzymianami si\u0119 \u015bcierali.\u00a0\u00a0\u00a0\u00a0\u00a0\u00a0\u00a0\u00a0\u00a0\u00a0\u00a0\u00a0\u00a0\u00a0\u00a0\u00a0\u00a0\u00a0 \u00a0 \u00a0 \u00a0 \u00a0 \u00a0 d C F<\/div>\n<div>\u00a0<\/div>\n<div>Na pai\u017cach Dunaj przebyli,<br \/>Tam o z\u0142ot\u0105 wolno\u015b\u0107 walczyli,<br \/>A Rzymianom dawszy baty,<br \/>W\u0119drowali za Karpaty;<\/div>\n<div style=\"padding-left: 60px;\">Tutaj wtedy w lasach g\u0142\u0119bokich<br \/>\u017by\u0142y tylko gryfy i smoki,<br \/>Krwawym wzrokiem wko\u0142o toczy\u0142<br \/>Cz\u0142owiek z jaszczurczymi oczy.<\/div>\n<div>\u00a0<\/div>\n<div>Zatem przodek Tw\u00f3j z\u0142o\u017cy\u0142 zbroj\u0119,<br \/>Skoro ujrza\u0142 dziedzictwo swoje<br \/>I szcz\u0119\u015bliwy ju\u017c Sarmata<br \/>Szabl\u0119 z p\u0142ugiem ch\u0119tnie zbrata\u0142;<\/div>\n<div style=\"padding-left: 60px;\">Zaraz potem ochotnie zni\u017ca<br \/>Kark sw\u00f3j hardy przed znakiem krzy\u017ca,<br \/>W czym wiadomo\u015b\u0107 jest donios\u0142a,<br \/>\u017be kobieta krzy\u017c przynios\u0142a.<\/div>\n<div>\u00a0<\/div>\n<div>Potem przyszed\u0142 \u00f3w wiek \u017celazny,<br \/>Kiedy liczne odpar\u0142 najazdy,<br \/>Min\u0105\u0142 wiek karmazynowy,<br \/>Kiedy wzi\u0119to go w okowy.<\/div>\n<div style=\"padding-left: 60px;\">A pobuntowana w okowach,<br \/>Rozbieg\u0142a si\u0119 dziatwa Lechowa;<br \/>Reszt\u0119 krwawym spi\u0105\u0142 w\u0119dzid\u0142em<br \/>Zdrajca, z azjatyckim byd\u0142em.<\/div>\n<div>\u00a0<\/div>\n<div>Ale jeszcze nie jest pobity<br \/>\u015awietny okr\u0119t Rzeczpospolitej;<br \/>Czasem we \u015bnie widz\u0119 nagle,<br \/>Jak rozwija \u015bwietne \u017cagle,<\/div>\n<div style=\"padding-left: 60px;\">Hardym dziobem fale rozpruwa,<br \/>Liczna, bitna za\u0142oga czuwa,<br \/>Z\u0142oty sztandar podniesiony,<br \/>A\u017c ocieram \u0142z\u0119, wzruszony.<\/div>\n<div>\u00a0<\/div>\n<div>\u2013 Republiko! gdzie si\u0119 zataczasz,<br \/>W jakie obce porty zn\u00f3w zbaczasz,<br \/>A z ojczystej twojej strony<br \/>Czyj dom b\u0119dzie uczyniony?<\/div>\n<div style=\"padding-left: 60px;\">\u2013 Ja si\u0119 zow\u0119 rzek\u0105 podziemn\u0105,<br \/>B\u00f3g jest ze mn\u0105, Orze\u0142 nade mn\u0105;<br \/>Cho\u0107 si\u0119 skryj\u0119, to wyp\u0142yn\u0119,<br \/>A b\u0105d\u017a pewien, \u017ce nie zgin\u0119.\u00a0\u00a0\u00a0\u00a0\u00a0\u00a0\u00a0\u00a0\u00a0 d Es F B<\/div>\n<div>\n<p>\u00a0<\/p>\n<\/div>\n<p>\u25cf\u25cf<br \/>KAZANIE \u015aWI\u0118TEGO JACKA W WYSZOGRODZIE [&#8230;] HEKSAMETREM <a href=\"https:\/\/www.youtube.com\/watch?v=Ci58DVkLqWk\">mp3<\/a><br \/>\/ s\u0142owa JK, mel. Wies\u0142aw Wolnik \/<\/p>\n<div>I.<br \/>Je\u017celi wierzysz w Boga\u00a0\u00a0\u00a0\u00a0\u00a0\u00a0\u00a0\u00a0\u00a0\u00a0\u00a0\u00a0\u00a0\u00a0 \u00a0 \u00a0\u00a0 \u00a0\u00a0\u00a0\u00a0\u00a0\u00a0\u00a0\u00a0\u00a0 <wbr \/>\u00a0\u00a0\u00a0\u00a0\u00a0\u00a0\u00a0\u00a0\u00a0\u00a0\u00a0\u00a0\u00a0\u00a0\u00a0\u00a0\u00a0 a e<\/div>\n<div style=\"padding-left: 60px;\">+ pami\u0119taj, \u017ce prawda jest jedna,\u00a0\u00a0 \u00a0 \u00a0 \u00a0 h\u00a0 C \/h\/<\/div>\n<div>Niezmienna i nieodwo\u0142alna\u00a0\u00a0\u00a0\u00a0\u00a0\u00a0\u00a0\u00a0\u00a0\u00a0\u00a0\u00a0\u00a0\u00a0\u00a0\u00a0\u00a0\u00a0<wbr \/>\u00a0\u00a0\u00a0\u00a0\u00a0\u00a0\u00a0\u00a0\u00a0\u00a0\u00a0\u00a0\u00a0\u00a0\u00a0\u00a0 \u00a0\u00a0\u00a0 a e<\/div>\n<div style=\"padding-left: 60px;\">+ i do zbawienia potrzebna.\u00a0\u00a0\u00a0\u00a0\u00a0\u00a0 \u00a0\u00a0 \u00a0\u00a0\u00a0\u00a0 \u00a0 \u00a0 \u00a0 h C D E<\/div>\n<div>Te s\u0142owa w sercu wyryj\u00a0\u00a0\u00a0\u00a0\u00a0\u00a0\u00a0\u00a0\u00a0\u00a0\u00a0\u00a0\u00a0\u00a0\u00a0\u00a0\u00a0\u00a0\u00a0\u00a0\u00a0\u00a0\u00a0\u00a0\u00a0<wbr \/>\u00a0\u00a0\u00a0\u00a0\u00a0\u00a0\u00a0\u00a0\u00a0\u00a0\u00a0\u00a0\u00a0\u00a0\u00a0\u00a0\u00a0\u00a0\u00a0\u00a0\u00a0 C D E<\/div>\n<div style=\"padding-left: 60px;\">+ i w duszy swej rozwa\u017caj,\u00a0\u00a0\u00a0\u00a0\u00a0\u00a0\u00a0\u00a0\u00a0\u00a0\u00a0\u00a0\u00a0\u00a0\u00a0\u00a0\u00a0\u00a0\u00a0\u00a0\u00a0\u00a0 C D h<\/div>\n<div>A je\u015bli kto\u015b ci m\u00f3wi\u00a0\u00a0\u00a0\u00a0\u00a0\u00a0\u00a0\u00a0\u00a0\u00a0\u00a0\u00a0\u00a0\u00a0\u00a0\u00a0\u00a0\u00a0\u00a0\u00a0\u00a0\u00a0\u00a0\u00a0\u00a0\u00a0<wbr \/>\u00a0\u00a0\u00a0\u00a0\u00a0\u00a0\u00a0\u00a0\u00a0\u00a0\u00a0\u00a0\u00a0\u00a0\u00a0\u00a0\u00a0\u00a0\u00a0\u00a0\u00a0\u00a0\u00a0\u00a0\u00a0\u00a0\u00a0\u00a0 C D E<\/div>\n<div style=\"padding-left: 60px;\">+ \u017ce ma w\u0142asn\u0105 prawd\u0119 \u2013 uwa\u017caj!\u00a0\u00a0\u00a0\u00a0\u00a0\u00a0\u00a0 C D<\/div>\n<div>Albowiem cz\u0142owiek sam z siebie\u00a0\u00a0\u00a0\u00a0\u00a0\u00a0\u00a0\u00a0\u00a0\u00a0\u00a0\u00a0\u00a0\u00a0\u00a0\u00a0\u00a0\u00a0\u00a0\u00a0\u00a0\u00a0\u00a0\u00a0<wbr \/>\u00a0\u00a0 G D C G<\/div>\n<div style=\"padding-left: 60px;\">+ niczego nie ustanowi:\u00a0\u00a0\u00a0\u00a0\u00a0\u00a0\u00a0\u00a0\u00a0\u00a0\u00a0\u00a0\u00a0\u00a0\u00a0\u00a0\u00a0\u00a0\u00a0 \u00a0\u00a0\u00a0\u00a0\u00a0\u00a0\u00a0 G C D e<\/div>\n<div>Nie ufaj byle komu\u00a0\u00a0\u00a0\u00a0\u00a0\u00a0\u00a0\u00a0\u00a0\u00a0\u00a0\u00a0\u00a0\u00a0\u00a0\u00a0\u00a0\u00a0\u00a0\u00a0\u00a0\u00a0\u00a0\u00a0\u00a0\u00a0<wbr \/>\u00a0\u00a0\u00a0\u00a0\u00a0\u00a0\u00a0\u00a0\u00a0\u00a0\u00a0\u00a0\u00a0\u00a0\u00a0\u00a0\u00a0\u00a0\u00a0\u00a0\u00a0\u00a0\u00a0 \u00a0 \u00a0 \u00a0 G D C G<\/div>\n<div style=\"padding-left: 60px;\">+ zaufaj Ko\u015bcio\u0142owi.\u00a0\u00a0\u00a0\u00a0\u00a0\u00a0\u00a0\u00a0\u00a0\u00a0\u00a0\u00a0\u00a0\u00a0\u00a0\u00a0\u00a0\u00a0\u00a0<wbr \/>\u00a0\u00a0\u00a0\u00a0\u00a0 \u00a0 \u00a0 \u00a0 \u00a0 \u00a0\u00a0 G D h e<\/div>\n<div>\u00a0<\/div>\n<div>II.<br \/>Nie w ksi\u0119dza wierz, ale w Ko\u015bci\u00f3\u0142,<\/div>\n<div style=\"padding-left: 60px;\">+ nie szukaj pod\u0142ych b\u0142ahostek,<\/div>\n<div>Dzi\u015b, gdy pragnienie prawdy<\/div>\n<div style=\"padding-left: 60px;\">+ zast\u0105pi\u0142 g\u0142\u00f3d ciekawostek.<\/div>\n<div>Toleruj g\u0142upc\u00f3w, lecz t\u0119p<\/div>\n<div style=\"padding-left: 60px;\">+ g\u0142upot\u0119 i pod\u0142y gust,<\/div>\n<div>Nie pozw\u00f3l w imi\u0119 mi\u0142o\u015bci<\/div>\n<div style=\"padding-left: 60px;\">+ zamyka\u0107 sobie ust.<\/div>\n<div>Niech wiedz\u0105 niedoskonali<\/div>\n<div style=\"padding-left: 60px;\">+ \u017ce s\u0105 niedoskonali,<\/div>\n<div>Albowiem prawdziwa mi\u0142o\u015b\u0107<\/div>\n<div style=\"padding-left: 60px;\">+ w prawdzie si\u0119 doskonali.<\/div>\n<div>\u00a0<\/div>\n<div>III.<br \/>Nie pr\u00f3buj na\u015bladowa\u0107<\/div>\n<div style=\"padding-left: 60px;\">+ g\u0142upoty prostego t\u0142umu,<\/div>\n<div>Je\u017celi B\u00f3g da\u0142 ci rozum,<\/div>\n<div style=\"padding-left: 60px;\">+ to r\u00f3b u\u017cytek z rozumu.<\/div>\n<div>Na przek\u00f3r inteligentnej<\/div>\n<div style=\"padding-left: 60px;\">+ wulgarnych m\u0119drc\u00f3w armii<\/div>\n<div>Niech wiara twa szuka rozumu,<\/div>\n<div style=\"padding-left: 60px;\">+ a rozum prawd\u0105 si\u0119 karmi.<\/div>\n<div>Niech nie zachwieje tob\u0105<\/div>\n<div style=\"padding-left: 60px;\">+ dyskurs przewrotnie m\u0119tny<\/div>\n<div>Bo szatan nie ma m\u0105dro\u015bci,<\/div>\n<div style=\"padding-left: 60px;\">+ jest tylko inteligentny.<\/div>\n<div>\u00a0<\/div>\n<div>IV.<br \/>Szatan jest ksi\u0119ciem k\u0142amstwa<\/div>\n<div style=\"padding-left: 60px;\">+ oraz artyst\u0105 grzechu,<\/div>\n<div>Fa\u0142sz miesza p\u00f3\u0142 na p\u00f3\u0142 z prawd\u0105<\/div>\n<div style=\"padding-left: 60px;\">+ nie rezygnuj\u0105c z u\u015bmiechu.<\/div>\n<div>Przedrze\u017ania dobro\u0107 Boga<\/div>\n<div style=\"padding-left: 60px;\">+ i M\u0119k\u0119 Zbawiciela,<\/div>\n<div>Ludzko\u015bci u\u0142atwia \u017cycie,<\/div>\n<div style=\"padding-left: 60px;\">+ rozgrzesze\u0144 ch\u0119tnie udziela.<\/div>\n<div>Ale kto sobie i innym<\/div>\n<div style=\"padding-left: 60px;\">+ prawd\u0119 powiada w oczy,<\/div>\n<div>Takiemu cz\u0142owiekowi<\/div>\n<div style=\"padding-left: 60px;\">+ i szatan nie podskoczy.<\/div>\n<div>\u00a0<\/div>\n<div>V.<br \/>Lecz nie my\u015bl, poznawszy Prawd\u0119,<\/div>\n<div style=\"padding-left: 60px;\">+ \u017ce nic ci ju\u017c wi\u0119cej nie trzeba;<\/div>\n<div>Najgorszy \u0142ajdak mo\u017ce<\/div>\n<div style=\"padding-left: 60px;\">+ przed tob\u0105 wej\u015b\u0107 do nieba:<\/div>\n<div>Bo mi\u0142osierdzie Pa\u0144skie<\/div>\n<div style=\"padding-left: 60px;\">+ S\u0105d ostateczny upro\u015bci,<\/div>\n<div>Ka\u017cdemu odmierzy tylko<\/div>\n<div style=\"padding-left: 60px;\">+ wed\u0142ug jego mi\u0142o\u015bci.<\/div>\n<div>Ty m\u00f3dl si\u0119 o mi\u0142osierdzie<\/div>\n<div style=\"padding-left: 60px;\">+ i b\u0105d\u017a mi\u0142osierny dla brata,<\/div>\n<div>A my\u015bl\u0105c o dniu dzisiejszym<\/div>\n<div style=\"padding-left: 60px;\">+ my\u015bl zawsze o ko\u0144cu \u015bwiata.<\/div>\n<div>\u00a0<\/div>\n<div>VI.<br \/>Je\u017celi wierzysz w Boga<\/div>\n<div style=\"padding-left: 60px;\">+ pami\u0119taj, \u017ce prawda jest jedna,<\/div>\n<div>Niezmienna i nieodwo\u0142alna<\/div>\n<div style=\"padding-left: 60px;\">+ i do zbawienia potrzebna.<\/div>\n<div>Te s\u0142owa w sercu wyryj<\/div>\n<div style=\"padding-left: 60px;\">+ i w duszy swej rozwa\u017caj,<\/div>\n<div>A je\u015bli kto\u015b ci m\u00f3wi<\/div>\n<div style=\"padding-left: 60px;\">+ \u017ce ma lepsz\u0105 prawd\u0119 \u2013 uwa\u017caj!<\/div>\n<div>Albowiem cz\u0142owiek sam z siebie<\/div>\n<div style=\"padding-left: 60px;\">+ niczego nie ustanowi:<\/div>\n<div>Nie ufaj byle komu<\/div>\n<div style=\"padding-left: 60px;\">+ zaufaj Ko\u015bcio\u0142owi.<\/div>\n<div>\u00a0<\/div>\n<p>\u25cf\u25cf\u25cf<\/p>\n<p>PIE\u015a\u0143 DAWIDA NA PUSTYNI <a href=\"https:\/\/www.youtube.com\/watch?v=tiNND-bHTOg\">mp3<\/a><\/p>\n<div>\u00a0Daleko w\u0119drowa\u0142em sam,\u00a0\u00a0\u00a0\u00a0\u00a0\u00a0\u00a0\u00a0\u00a0\u00a0\u00a0\u00a0\u00a0\u00a0\u00a0\u00a0\u00a0\u00a0\u00a0\u00a0\u00a0\u00a0\u00a0\u00a0 \u00a0 <wbr \/>\u00a0\u00a0 e h<br \/>Nie mia\u0142em ani kropli wody;\u00a0\u00a0\u00a0\u00a0\u00a0\u00a0\u00a0\u00a0\u00a0\u00a0\u00a0\u00a0\u00a0\u00a0\u00a0\u00a0\u00a0 \u00a0 \u00a0 \u00a0 \u00a0\u00a0 h e<br \/>Kto\u015b \u017cywi\u0142 mnie i o mnie dba\u0142 \u2013\u00a0\u00a0\u00a0\u00a0\u00a0\u00a0\u00a0\u00a0\u00a0\u00a0\u00a0\u00a0\u00a0\u00a0\u00a0\u00a0\u00a0\u00a0\u00a0 e h<br \/>Najmniejszej nie ponios\u0142em szkody.\u00a0\u00a0\u00a0\u00a0\u00a0\u00a0\u00a0\u00a0\u00a0 h e<\/div>\n<div>\u00a0<\/div>\n<div><em><br \/>B\u00f3g jest jak ogie\u0144,\u00a0<\/em>\u00a0\u00a0\u00a0\u00a0\u00a0\u00a0\u00a0\u00a0 e G<br \/><em>B\u00f3g jest jak wiatr,<\/em>\u00a0\u00a0\u00a0\u00a0\u00a0\u00a0\u00a0\u00a0 \u00a0 G D<br \/><em>Mocny jak morze,<\/em>\u00a0\u00a0\u00a0\u00a0\u00a0\u00a0\u00a0 \u00a0\u00a0 D e<br \/><em>Wielki jak \u015bwiat;<\/em>\u00a0\u00a0\u00a0\u00a0\u00a0\u00a0\u00a0\u00a0 \u00a0 \u00a0 \u00a0 e h<br \/><em>B\u00f3g jest \u2013 jak B\u00f3g;<\/em>\u00a0\u00a0\u00a0\u00a0\u00a0\u00a0\u00a0\u00a0\u00a0 h e<br \/><em>B\u00f3g jest \u2013 jak B\u00f3g;<\/em>\u00a0\u00a0\u00a0\u00a0\u00a0\u00a0\u00a0\u00a0\u00a0 h e<br \/><em>B\u00f3g jest \u2013 jak B\u00f3g.<\/em>\u00a0\u00a0\u00a0\u00a0\u00a0\u00a0\u00a0\u00a0\u00a0 h e<\/div>\n<div>\u00a0<\/div>\n<div><br \/>Z\u0142oczy\u0144cy otoczyli mnie<br \/>I starliby mnie bez przeszkody.<br \/>Ob\u0142ok i g\u00f3ra skry\u0142y mnie,<br \/>Najmniejszej nie ponios\u0142em szkody.<\/div>\n<div>\u00a0<\/div>\n<div><em><br \/>B\u00f3g jest jak ogie\u0144, <\/em><br \/><em>B\u00f3g jest jak wiatr,<\/em><br \/><em>Mocny jak morze,<\/em><br \/><em>Wielki jak \u015bwiat;<\/em><br \/><em>B\u00f3g jest \u2013 jak B\u00f3g;<\/em><br \/><em>B\u00f3g jest &#8211; jak B\u00f3g;<\/em><br \/><em>B\u00f3g jest \u2013 jak B\u00f3g.<\/em><\/div>\n<div>\u00a0<\/div>\n<div><br \/>I zapyta\u0142em siebie: \u201eKto<br \/>Ochrania mnie od z\u0142ego losu?\u201d<br \/>Zab\u0142ysn\u0105\u0142 ob\u0142ok, hukn\u0105\u0142 grzmot \u2013<br \/>Nie mog\u0142em z siebie doby\u0107 g\u0142osu.<\/div>\n<div>\u00a0<\/div>\n<div><br \/>A\u017c odczyta\u0142em pismo gwiazd,<br \/>R\u0119k\u0119, co tkn\u0119\u0142a mnie, pozna\u0142em;<br \/>Poj\u0105\u0142em, sk\u0105d mam to, co mam<br \/>I wtedy g\u0142os m\u00f3j odzyska\u0142em \u2013<\/div>\n<div>\u00a0<\/div>\n<div><em><br \/>B\u00f3g jest jak ogie\u0144, <\/em><br \/><em>B\u00f3g jest jak wiatr,<\/em><br \/><em>Mocny jak morze,<\/em><br \/><em>Wielki jak \u015bwiat;<\/em><br \/><em>B\u00f3g jest \u2013 jak B\u00f3g;<\/em><br \/><em>B\u00f3g jest &#8211; jak B\u00f3g;<\/em><br \/><em>B\u00f3g jest \u2013 jak B\u00f3g.<\/em><\/div>\n\n\n<p><\/p>\n","protected":false},"excerpt":{"rendered":"<p>\u25cfPSALM RODOWODOWY mp3 Ku powie\u015bci tej nak\u0142o\u0144 ucha,\u00a0\u00a0\u00a0\u00a0 F C d d A d CLudu wierny m\u00f3j, a pos\u0142uchaj \u00a0\u00a0 F C d d A d CI miej wiecznie przed oczami,\u00a0\u00a0\u00a0 F C d AKim\u017ce\u015b mi\u0119dzy narodami:\u00a0\u00a0\u00a0\u00a0\u00a0\u00a0 \u00a0 \u00a0 A d C F Patrz tam, gdzie Sarmacja jest \u017cyzna,\u00a0 \u00a0 F B B F g &hellip; <\/p>\n<p class=\"link-more\"><a href=\"https:\/\/jacekkowalski.pl\/?page_id=451\" class=\"more-link\">Czytaj dalej<span class=\"screen-reader-text\"> TRZY NAJWA\u017bNIEJSZE PIOSENKI<\/span><\/a><\/p>\n","protected":false},"author":1,"featured_media":0,"parent":0,"menu_order":0,"comment_status":"closed","ping_status":"closed","template":"","meta":{"ngg_post_thumbnail":0},"_links":{"self":[{"href":"https:\/\/jacekkowalski.pl\/index.php?rest_route=\/wp\/v2\/pages\/451"}],"collection":[{"href":"https:\/\/jacekkowalski.pl\/index.php?rest_route=\/wp\/v2\/pages"}],"about":[{"href":"https:\/\/jacekkowalski.pl\/index.php?rest_route=\/wp\/v2\/types\/page"}],"author":[{"embeddable":true,"href":"https:\/\/jacekkowalski.pl\/index.php?rest_route=\/wp\/v2\/users\/1"}],"replies":[{"embeddable":true,"href":"https:\/\/jacekkowalski.pl\/index.php?rest_route=%2Fwp%2Fv2%2Fcomments&post=451"}],"version-history":[{"count":30,"href":"https:\/\/jacekkowalski.pl\/index.php?rest_route=\/wp\/v2\/pages\/451\/revisions"}],"predecessor-version":[{"id":1720,"href":"https:\/\/jacekkowalski.pl\/index.php?rest_route=\/wp\/v2\/pages\/451\/revisions\/1720"}],"wp:attachment":[{"href":"https:\/\/jacekkowalski.pl\/index.php?rest_route=%2Fwp%2Fv2%2Fmedia&parent=451"}],"curies":[{"name":"wp","href":"https:\/\/api.w.org\/{rel}","templated":true}]}}